 base 3?
10022222
What is -2344 (base 7) in base 15?
-3ca
Convert -5766 (base 9) to base 10.
-4272
1100111100 (base 3) to base 6
323100
Convert 775 (base 13) to base 4.
103333
Convert -16626 (base 9) to base 6.
-124553
Convert -2be (base 16) to base 14.
-382
What is 19a (base 16) in base 5?
3120
Convert -4d5d (base 14) to base 2.
-11010100100111
What is 5525 (base 6) in base 10?
1277
Convert 53a9 (base 15) to base 9.
26256
-30415 (base 9) to base 11
-14051
What is -745 (base 14) in base 12?
-9b5
Convert 840 (base 13) to base 5.
21104
Convert 2cc4 (base 15) to base 4.
2112202
41b (base 12) to base 10
599
What is 581 (base 10) in base 5?
4311
Convert 36534 (base 7) to base 4.
2110323
-1011000011010111 (base 2) to base 11
-31016
440 (base 10) to base 13
27b
Convert -c57a (base 15) to base 6.
-521124
-24736 (base 8) to base 6
-121342
Convert -34e1 (base 16) to base 4.
-3103201
Convert -1aa8 (base 13) to base 4.
-332321
-10788 (base 11) to base 4
-3303200
a53 (base 11) to base 9
1658
What is 2927 (base 10) in base 2?
101101101111
-16dd (base 15) to base 11
-3785
-221002 (base 4) to base 8
-5102
-301023 (base 4) to base 8
-6113
-8b9 (base 12) to base 8
-2415
What is d06 (base 16) in base 11?
2561
-410230 (base 5) to base 2
-11001110000110
Convert 101100011 (base 2) to base 6.
1351
393 (base 10) to base 2
110001001
14a (base 15) to base 14
171
Convert e056 (base 16) to base 8.
160126
Convert -1807 (base 9) to base 5.
-21014
-1111111110 (base 2) to base 3
-1101212
-28 (base 13) to base 12
-2a
111102210 (base 3) to base 13
45c6
What is -619 (base 12) in base 4?
-31311
-102 (base 3) to base 16
-b
1862 (base 12) to base 5
43304
What is 68c (base 13) in base 15?
505
351242 (base 7) to base 15
13982
What is 8725 (base 9) in base 7?
24503
-98a1 (base 11) to base 7
-53033
What is 3888 (base 11) in base 5?
130212
111111000 (base 2) to base 10
504
3121230 (base 4) to base 6
144300
-10003 (base 8) to base 3
-12121211
-15317 (base 9) to base 13
-49c0
638 (base 9) to base 15
24b
What is a928 (base 15) in base 12?
18885
4b11 (base 12) to base 5
233014
132231 (base 4) to base 11
1527
What is -3117 (base 8) in base 16?
-64f
Convert -37825 (base 10) to base 4.
-21033001
What is 1000020 (base 3) in base 11?
609
-1228 (base 11) to base 6
-11231
Convert 101000101010 (base 2) to base 4.
220222
-642 (base 7) to base 12
-230
What is -663 (base 13) in base 6?
-5023
What is -12400 (base 6) in base 8?
-3520
What is 68c (base 14) in base 15?
5ba
Convert 36134 (base 9) to base 5.
1233134
215 (base 6) to base 2
1010011
What is -25044 (base 12) in base 14?
-143d2
-27d (base 14) to base 9
-618
What is -8 (base 14) in base 11?
-8
What is -998 (base 14) in base 4?
-131222
What is -101000001011 (base 2) in base 15?
-b66
What is -83 (base 9) in base 10?
-75
Convert 330 (base 15) to base 11.
5a5
Convert -4357 (base 13) to base 14.
-35b1
Convert -30033 (base 4) to base 13.
-483
What is 101001000 (base 2) in base 5?
2303
What is -25 (base 8) in base 2?
-10101
Convert 11013112 (base 4) to base 5.
1132300
Convert 364 (base 11) to base 10.
433
Convert 101000110 (base 2) to base 16.
146
Convert 33114 (base 5) to base 11.
1797
Convert 1330 (base 7) to base 4.
13333
What is -11251 (base 9) in base 7?
-30601
441022 (base 5) to base 4
3230201
-12311 (base 10) to base 8
-30027
What is 112300 (base 4) in base 11?
1104
What is 2c1 (base 13) in base 12?
353
Convert -246 (base 14) to base 11.
-383
Convert -2221 (base 5) to base 10.
-311
Convert -12023 (base 5) to base 10.
-888
12401 (base 5) to base 6
4304
1343 (base 10) to base 6
10115
What is 1122 (base 9) in base 5?
11310
Convert -10540 (base 11) to base 6.
-154442
What is 1010000100 (base 2) in base 9?
785
-10202101 (base 3) to base 4
-222301
Convert 20c6 (base 15) to base 2.
1101100011000
What is -4357 (base 11) in base 6?
-42341
What is 52350 (base 6) in base 11?
532a
-3a (base 14) to base 4
-310
What is -34431 (base 6) in base 9?
-6661
What is a14b (base 12) in base 13?
7c5b
-52311 (base 9) to base 3
-1202100101
Convert 4ab8 (base 12) to base 8.
20454
What is -681 (base 12) in base 14?
-4c9
Convert 111101010000111 (base 2) to base 7.
160310
-294a (base 12) to base 16
-12ca
220421 (base 5) to base 10
7611
-1011101 (base 3) to base 12
-5a7
Convert 1123 (base 11) to base 2.
10111000101
Convert -5090 (base 10) to base 6.
-35322
Convert -67b (base 12) to base 9.
-1275
17 (base 14) to base 13
18
2201 (base 6) to base 13
2cb
What is 514 (base 14) in base 9?
1328
Convert 12533 (base 6) to base 9.
2573
13601 (base 10) to base 14
4d57
What is 1658 (base 11) in base 10?
2120
Convert 103000 (base 4) to base 14.
62c
What is -16722 (base 8) in base 6?
-55202
Convert -220400 (base 5) to base 12.
-4494
Convert -100000111101 (base 2) to base 7.
-6102
43 (base 10) to base 13
34
Convert -12221211 (base 3) to base 6.
-32034
What is 51035 (base 7) in base 9?
17868
What is 506 (base 13) in base 16?
353
Convert -183 (base 12) to base 9.
-300
What is -1513 (base 8) in base 6?
-3523
2a4a (base 13) to base 12
3682
-8084 (base 13) to base 4
-10110110
Convert -2002111120 (base 3) to base 2.
-1010000011100110
What is -4260 (base 7) in base 10?
-1512
What is 140db (base 16) in base 12?
3b64b
Convert -13112301 (base 4) to base 14.
-ada1
-200203 (base 4) to base 6
-13351
683 (base 9) to base 7
1431
23650 (base 8) to base 15
301c
Convert 1405 (base 7) to base 9.
664
Convert -26342 (base 7) to base 13.
-3284
Convert 2335 (base 6) to base 14.
2c3
6a42 (base 11) to base 13
428c
What is 205 (base 10) in base 15?
da
Convert 101001000010010 (base 2) to base 10.
21010
Convert 1000100111101 (base 2) to base 15.
1493
What is 1101100001001001 (base 2) in base 3?
2210221201
Convert -5939 (base 12) to base 8.
-23375
2140 (base 7) to base 2
1011111011
What is 2624 (base 9) in base 10?
1966
Convert -2a6 (base 14) to base 5.
-4123
-211 (base 6) to base 5
-304
What is 1111000100101001 (base 2) in base 13?
22140
What is 4ad (base 15) in base 7?
3046
What is 101011111 (base 2) in base 6?
1343
Convert -150255 (base 6) to base 3.
-201200222
-2120122 (base 3) to base 14
-984
31 (base 13) to base 10
40
Convert 1100110011011 (base 2) to base 15.
1e20
What is 1110001 (base 2) in base 13?
89
Convert 56082 (base 10) to base 13.
1c6b0
What is -1213 (base 5) in base 3?
-20210
Convert 11348 (base 13) to base 8.
75135
Convert -15c14 (base 14) to base 16.
-d4ea
What is 357 (base 9) in base 5?
2140
Convert -2758 (base 11) to base 8.
-6764
Convert 17a5 (base 13) to base 5.
103030
-15097 (base 11) to base 4
-11032122
What is -20020011 (base 3) in base 4?
-1012330
What is 5330 (base 11) in base 13?
3295
-1676 (base 13) to base 14
-12c4
11122 (base 8) to base 4
1021102
Convert -110111000 (base 2) to base 11.
-370
75b3 (base 13) to base 16
3ff2
What is -1897 (base 10) in base 3?
-2121021
-11026 (base 7) to base 4
-223030
-123212 (base 5) to base 11
-3680
-348 (base 15) to base 4
-23213
Convert 11362 (base 13) to base 12.
16181
340a (base 11) to base 4
1012013
10042 (base 6) to base 15
5d2
What is 15885 (base 11) in base 8?
53525
11113 (base 5) to base 9
1060
-20001120 (base 3) to base 7
-15606
Convert -212221 (base 3) to base 10.
-646
2504 (base 10) to base 11
1977
Convert -5dc (base 16) to base 15.
-6a0
-15525 (base 8) to base 4
-1231111
What is 6655 (base 8) in base 4?
312231
295 (base 10) to base 13
199
Convert 1551 (base 9) to base 8.
2234
34769 (base 11) to base 3
2112211010
Convert -200102 (base 3) to base 4.
-13301
What is -18069 (base 12) in base 2?
-1000011101010001
-52a (base 16) to base 7
-3566
Convert -540 (base 12) to base 10.
-768
212212011 (base 3) to base 8
41760
Convert -2436 (base 15) to base 14.
-2b41
Convert 1222122 (base 3) to base 11.
10a7
2203 (base 8) to base 16
483
Convert -233 (base 4) to base 9.
-52
Convert 98b (base 13) to base 5.
23021
Convert 11ab (base 12) to base 14.
a31
Convert -30201 (base 4) to base 10.
-801
11066 (base 7) to base 11
2109
What is -2303121 (base 4) in base 6?
-125053
What is -214210 (base 5) in base 12?
-4372
What is -1477 (base 9) in base 5?
-13443
What is 2299 (base 12) in base 15?
1226
What is -1101101 (base 2) in base 11?
-9a
What is 111010000 (base 2) in base 10?
464
Convert 16798 (base 10) to base 14.
619c
Convert 4038 (base 13) to base 4.
2022003
Wha